ivisor of 72 and 26?
2
Calculate the greatest common factor of 93 and 124.
31
What is the greatest common factor of 108 and 5364?
36
Calculate the greatest common divisor of 567 and 1215.
81
What is the greatest common divisor of 11 and 1661?
11
What is the highest common factor of 123 and 205?
41
What is the greatest common factor of 2 and 62?
2
What is the greatest common factor of 9801 and 484?
121
What is the greatest common factor of 11044 and 11?
11
Calculate the greatest common divisor of 405 and 324.
81
What is the greatest common factor of 2806 and 138?
46
What is the highest common divisor of 7 and 161?
7
What is the highest common factor of 2 and 57?
1
What is the greatest common factor of 6214 and 26?
26
Calculate the highest common factor of 34 and 102.
34
What is the highest common divisor of 288 and 6084?
36
What is the greatest common divisor of 80 and 1?
1
Calculate the greatest common divisor of 15 and 6915.
15
What is the greatest common factor of 60 and 260?
20
What is the highest common divisor of 663 and 357?
51
What is the highest common divisor of 205 and 9143?
41
What is the greatest common factor of 1989 and 18?
9
Calculate the highest common factor of 207 and 69.
69
What is the greatest common factor of 66 and 12?
6
What is the highest common divisor of 1298 and 66?
22
What is the greatest common divisor of 8792 and 56?
56
What is the highest common divisor of 990 and 132?
66
What is the highest common factor of 24 and 276?
12
Calculate the highest common divisor of 18 and 14.
2
Calculate the greatest common factor of 90 and 216.
18
Calculate the greatest common divisor of 14554 and 38.
38
Calculate the greatest common divisor of 999 and 243.
27
Calculate the highest common divisor of 7751 and 46.
23
What is the highest common factor of 252 and 364?
28
What is the greatest common factor of 1131 and 1595?
29
Calculate the greatest common divisor of 37 and 1369.
37
What is the greatest common factor of 100 and 20?
20
What is the greatest common factor of 1925 and 105?
35
What is the greatest common divisor of 12 and 36588?
12
Calculate the greatest common factor of 775 and 1775.
25
What is the greatest common divisor of 132 and 11814?
66
Calculate the greatest common factor of 5 and 95.
5
What is the greatest common factor of 37054 and 1146?
382
Calculate the greatest common divisor of 1377 and 3240.
81
What is the greatest common divisor of 27 and 10719?
27
What is the greatest common divisor of 28 and 25732?
28
What is the greatest common divisor of 14268 and 87?
87
Calculate the highest common divisor of 8 and 2288.
8
Calculate the highest common divisor of 840 and 728.
56
Calculate the highest common factor of 39 and 117.
39
What is the highest common divisor of 50 and 1850?
50
Calculate the highest common divisor of 1302 and 168.
42
Calculate the highest common divisor of 81 and 261.
9
Calculate the greatest common divisor of 357 and 255.
51
Calculate the greatest common divisor of 675 and 27.
27
What is the highest common factor of 2 and 220?
2
Calculate the highest common factor of 32 and 320.
32
Calculate the greatest common factor of 170 and 30.
10
What is the greatest common factor of 1344 and 21?
21
Calculate the highest common factor of 192 and 12.
12
What is the greatest common factor of 3113 and 11?
11
Calculate the highest common divisor of 244 and 20.
4
What is the highest common factor of 672 and 576?
96
Calculate the greatest common divisor of 214 and 11663.
107
What is the greatest common divisor of 4232 and 8?
8
Calculate the highest common factor of 92 and 828.
92
What is the highest common factor of 14 and 66?
2
What is the greatest common factor of 576 and 28?
4
What is the highest common divisor of 45 and 18?
9
What is the greatest common factor of 63 and 28?
7
Calculate the highest common divisor of 300 and 1050.
150
What is the highest common divisor of 6832 and 252?
28
What is the highest common factor of 175 and 25?
25
What is the highest common factor of 120 and 1620?
60
What is the greatest common divisor of 33 and 183?
3
Calculate the highest common factor of 228 and 399.
57
Calculate the highest common factor of 6 and 267.
3
What is the highest common factor of 415 and 83?
83
Calculate the greatest common factor of 24 and 14568.
24
What is the highest common factor of 42 and 24?
6
What is the greatest common factor of 147 and 63?
21
What is the greatest common factor of 14 and 178?
2
What is the highest common factor of 72 and 264?
24
What is the greatest common divisor of 144 and 348?
12
Calculate the greatest common factor of 42 and 108.
6
What is the greatest common factor of 315 and 1206?
9
What is the greatest common factor of 1860 and 93?
93
What is the greatest common factor of 25 and 4?
1
Calculate the greatest common divisor of 230 and 4416.
46
Calculate the highest common factor of 3 and 15.
3
Calculate the highest common factor of 103 and 1133.
103
What is the highest common factor of 399 and 26201?
133
Calculate the highest common divisor of 143 and 91.
13
Calculate the greatest common divisor of 300 and 24.
12
What is the highest common factor of 36 and 4032?
36
Calculate the greatest common divisor of 55 and 275.
55
Calculate the greatest common divisor of 594 and 121.
11
Calculate the greatest common divisor of 20 and 90.
10
What is the highest common factor of 58 and 203?
29
Calculate the greatest common factor of 32 and 368.
16
What is the highest common divisor of 318 and 12?
6
Calculate the greatest common divisor of 413 and 35.
7
Calculate the greatest common divisor of 2120 and 320.
40
Calculate the greatest common divisor of 130 and 2184.
26
Calculate the greatest common divisor of 50 and 55.
5
What is the highest common factor of 1690 and 3705?
65
What is the highest common divisor of 704 and 1012?
44
Calculate the highest common factor of 2507 and 327.
109
What is the highest common divisor of 52 and 624?
52
Calculate the greatest common factor of 217 and 31.
31
What is the highest common divisor of 810 and 2376?
54
Calculate the greatest common factor of 6 and 694.
2
Calculate the greatest common divisor of 165 and 1155.
165
What is the highest common factor of 224 and 168?
56
What is the greatest common factor of 27 and 297?
27
Calculate the greatest common divisor of 56 and 686.
14
Calculate the greatest common divisor of 1711 and 58.
29
Calculate the greatest common factor of 2747 and 67.
67
Calculate the greatest common divisor of 74 and 148.
74
Calculate the greatest common factor of 3 and 64.
1
Calculate the greatest common factor of 1496 and 119.
17
Calculate the highest common factor of 317 and 2.
1
Calculate the greatest common divisor of 399 and 28.
7
What is the highest common factor of 583 and 1643?
53
What is the greatest common factor of 779 and 164?
41
Calculate the greatest common divisor of 256 and 4.
4
What is the greatest common factor of 221 and 85?
17
Calculate the greatest common factor of 2752 and 2408.
344
What is the highest common factor of 378 and 324?
54
What is the highest common divisor of 621 and 243?
27
What is the highest common divisor of 483 and 2139?
69
What is the greatest common divisor of 70 and 490?
70
What is the highest common divisor of 36 and 12?
12
What is the highest common factor of 6 and 12?
6
What is the greatest common divisor of 100 and 350?
50
What is the greatest common factor of 473 and 22?
11
What is the greatest common divisor of 312 and 3900?
156
Calculate the greatest common factor of 456 and 168.
24
What is the greatest common factor of 96 and 4476?
12
What is the greatest common divisor of 297 and 165?
33
What is the greatest common factor of 30 and 1194?
6
What is the greatest common divisor of 304 and 95?
19
Calculate the highest common factor of 58 and 2.
2
Calculate the greatest common factor of 406 and 1856.
58
Calculate the greatest common divisor of 590 and 640.
10
What is the greatest common factor of 68663 and 119?
119
Calculate the greatest common factor of 52 and 6214.
26
What is the greatest common divisor of 5752 and 72?
8
Calculate the highest common factor of 297 and 189.
27
What is the greatest common factor of 41 and 14227?
41
Calculate the greatest common factor of 93 and 12.
3
Wha